4. Is r a prime number?
False
Suppose -2*b - a + 27429 = 0, -62712 = -5*b + a + 5871. Let s = -8138 + b. Is s composite?
True
Suppose 0 = 7*j - 5*j - 50. Suppose j = -0*i - 5*i. Is i/(20/(-46))*22 composite?
True
Let m = 5828 - 311. Suppose 0 = -5*o + 5*r + 13830, -5*o + 7*o = -r + m. Is o composite?
True
Suppose 41269 = 11*s + 168187. Let p = -7121 - s. Is p prime?
False
Suppose -1937*u - 21643 = -1927*u - 98813. Is u a composite number?
False
Let m be (-1)/(9/(-3) + 2). Is (m - 8028/16)*4/(-1) composite?
False
Let l(v) = v**2 - 2*v + 195. Let n be l(0). Suppose 5*p + 4*k - n = 100, -3*p = 5*k - 164. Is 31297/p + 4/18 prime?
False
Let m(r) = 4*r**2 + 3*r - 1. Let f be m(-2). Suppose 2*y + f = 3*q, -5*q - 6 = -11. Let w(g) = 646*g**2 - g - 4. Is w(y) composite?
False
Let g(f) = 1196*f + 139. Let m be g(-41). Is (1/(-3))/(3/m) a composite number?
True
Let w be -5 - (-24 - -3 - 1). Suppose w + 25 = -7*i. Is (4854/4)/(i/(-28)) a prime number?
False
Is (2 - -1)/(43678806/(-8735871) - 5*-1) prime?
True
Let b(t) = 8*t**2 + 5*t + 19. Let l be b(-6). Suppose 53 = 14*s + l. Is (148/s)/(5/(-220)) prime?
False
Suppose 10*o + 94 + 16 = 0. Is o/110 - (-23931)/10 composite?
False
Let t = -722 + 722. Suppose t = -8*r - 30*r + 740506. Is r a composite number?
True
Let q(b) = 102545*b**3 + 2*b**2 - 6*b + 4. Is q(1) a composite number?
True
Suppose 7*f - 3*f - 5*f = 0. Suppose 7*y = -f*y + 6209. Is y a composite number?
False
Suppose 17872 = -18*d - 2108. Let v = d - -2509. Is v a composite number?
False
Let c = 75 - 71. Suppose 53 = c*u + 73. Is 0 + (-5)/u + 210 prime?
True
Suppose -8 + 28 = 5*v. Suppose -z - 16520 = -5*z - 2*h, -4*z + 16512 = v*h. Let s = 11811 - z. Is s a prime number?
False
Suppose -h + q = -4 + 9, 0 = 5*h - 4*q + 20. Suppose h = -3*z + g + 2*g, 0 = 5*z - 4*g - 2. Is -89*10/(-4)*z prime?
False
Suppose -4*w - 4*z + 134 = 10, 0 = -4*w + 5*z + 79. Let d(b) = b**2 - 2*b. Let y be d(0). Let g = w - y. Is g composite?
True
Let x = -4487 - -8856. Let d(m) = 2633*m**3 - 2*m**2 - 2*m - 1. Let c be d(-1). Let l = c + x. Is l a prime number?
False
Suppose -3*v + 18 = 3*v. Suppose 0 = v*o - k + 6 - 4, -2*k = -2*o. Is 382*o*((-1)/(-1))/(-2) composite?
False
Let z = 2034 - 2987. Let d = z - -1746. Is d prime?
False
Is (-45197732)/(-1140) - (-2)/(-15) composite?
True
Suppose -6 = 4*w - 7*w. Suppose -3*l + w*l - 6 = -4*o, 4*l - o = -9. Is (1/l)/(1/(-942)) a composite number?
True
Let v(n) = 18*n**2 + 50*n**3 - 17 - 90*n**3 + 17*n + 41*n**3. Let m = -32 - -18. Is v(m) a composite number?
True
Let j = -574440 + 984223. Is j a composite number?
True
Let w(s) = -2*s - 15. Let o(x) = -x - 7. Let n(r) = 9*o(r) - 4*w(r). Let b be n(-6). Suppose -3*y - 2*f + 2916 = f, -b*y - 4*f + 2921 = 0. Is y prime?
True
Let j(s) = -4*s**3 + s**2 - 9*s - 9. Let h be j(-1). Let d(c) = 130*c + 33. Is d(h) a composite number?
False
Let f be (1 + 6/(-4))*-19532. Let j = -4923 + f. Is j a composite number?
True
Let j(b) = 36*b**2 + 42*b + 38. Let d be j(18). Suppose 5*a + 3*i = d, -2*a - 14*i + 11*i = -4985. Is a a composite number?
True
Let v(y) = -5*y + 13. Let k be v(10). Let w = 22 + k. Is (-15738)/w - (42/(-15) + 3) a composite number?
False
Let k(s) = -4574*s - 7156. Is k(-21) composite?
True
Let y(h) be the third derivative of -h**5/60 - 19*h**4/24 - 9*h**3/2 - 12*h**2. Let v be y(-13). Let z = 442 - v. Is z prime?
False
Suppose 0 = -14*h + 24937 - 7227. Suppose 0 = p - 824 - h. Let s = p + -528. Is s prime?
False
Let l = -1891 - -3796. Let u be 2 + -4 - -7 - 1. Suppose w - l = -u*w. Is w composite?
True
Let n(f) = 35*f**2 - 53 + 8*f**2 - 19*f + 86 - 50. Is n(-9) a prime number?
True
Let q = 7 - -18. Let j = q + -23. Is ((-17265)/(-6))/1*j a composite number?
True
Let o(d) = 9*d**3 + 20*d**2 - 105*d + 5353. Is o(39) a composite number?
False
Suppose 22 - 13 = -9*n. Let l be (-3)/(-6)*n*2026/(-1). Suppose -5*b - 2*t + l = 0, -41 + 442 = 2*b + 5*t. Is b prime?
False
Suppose 964654 = 2*y + q, -4*q = -y + 43130 + 439215. Is y prime?
False
Let z be (508/3)/((-1)/(-6)). Suppose -209 = -7*y + z. Suppose 3*g + y = x - 460, -2488 = -4*x - g. Is x a prime number?
False
Suppose -639*k - 103320 = -646*k. Suppose 5*n = 5*i - 23200, 2*i + 2*n - k = -5492. Is i a composite number?
False
Suppose 2535343 + 196994 = 31*s - 477496. Is s prime?
False
Let g = 15 + -5. Let q be 2518 - -5*((-12)/g)/(-2). Is 7/(-28)*4*-1*q a composite number?
False
Let c = -77 + 65. Let h be ((-1035)/(-25))/(c/(-160)). Let y = h + 97. Is y prime?
False
Suppose -3*j - 84343 = -5*a, 4*a - 67496 = j - 4*j. Is a prime?
True
Suppose -74 = 4*z - 50. Is (-5 - -29496*1) + z a prime number?
False
Let v = -20611 + 34980. Is v a composite number?
False
Let b(r) = 3 + 39*r**2 + r**3 - 5*r**2 - 20*r**2. Let a be b(-14). Is (0 - -998)*(a/(-6) + 1) prime?
True
Suppose 18*u - 15*u + f = 130, -4*u + 148 = -5*f. Is (41531 - 1)*(u/(-12))/(-7) a prime number?
False
Let q(d) = d + 6. Let i be q(-4). Suppose 5*g = -5*v + 25460, -18*g = -22*g + i*v + 20338. Is g a composite number?
False
Let x(o) = -612*o**3 + 23*o**2 + 97*o + 41. Is x(-6) composite?
True
Suppose -3*a + 18 = 0, 137*n - 4*a = 141*n - 316668. Is n a composite number?
True
Let s(d) = 11 + 46*d**2 - 62 - 10 - 8*d + 370*d**2. Is s(-6) a composite number?
True
Let n(b) = 69395*b - 76. Is n(1) prime?
False
Suppose 0 = 3*o + 9, -o - 41 = 3*v - 44. Suppose 0 = -3*n - 0*n + v*a + 101889, -5*a - 169820 = -5*n. Is n prime?
True
Let y be (-5 + -2)/(-14)*24/3. Is (-1146)/(-54) + y/(-18) prime?
False
Let v(f) = 134*f**3 + 5*f**2 + 13*f + 30. Let x be v(-4). Let s = x - -15159. Is s prime?
False
Suppose -q - 4*q = 2335. Let i be (-219)/438*(3 - 1 - 662). Let h = i - q. Is h composite?
False
Let g(d) = 228*d**2 + 89*d - 2451. Is g(-62) a composite number?
True
Suppose -139*b - 92*b + 29912415 = -36*b. Is b prime?
False
Is -8 + (654039 - ((-8)/5)/(14/35)) prime?
False
Suppose -12*l = 2*l + 23814. Let p(m) = -18*m**3 + 8*m**2 + 9*m + 3. Let u be p(-5). Let g = u + l. Is g a composite number?
True
Let h(c) be the second derivative of 271*c**4/24 + 5*c**3/2 - 19*c**2/2 - 41*c. Let i(a) be the first derivative of h(a). Is i(8) a composite number?
True
Suppose 3*i = -3*s - 24, s - 7 = 4*i - 0. Let u(n) = 102*n**2 + 23*n - 3. Let g be u(i). Suppose -4*r - f = -g, f = 1 + 1. Is r a prime number?
True
Suppose 5*o = -2*n + 1126311, -58*o + 62*o = -2*n + 901048. Is o composite?
False
Suppose 152 = -2*z + 7*z + n, -z + 38 = 4*n. Let w = z + -23. Is (1778/(-4))/w*-10 a prime number?
False
Let y(s) = s**3 + 12*s**2 + 8*s - 17. Let c be y(-11). Let j be ((-12230)/4)/((-8)/c). Suppose 5*p = 3*t + j, 2*p = p + 2*t + 1216. Is p composite?
True
Let h = 4147 - 1957. Let m = h + -719. Is m prime?
True
Suppose 5*v + 4 = -61. Let j be (247628/v)/(-2) - 10/65. Suppose 0 = -6*i + 4990 + j. Is i prime?
False
Let v(s) = 1286*s**2 + 110*s + 977. Is v(-7) a prime number?
False
Let f be (-6 - (-280)/45)*45. Is f - 85708/(-35) - 2/(-10) composite?
False
Let b be ((-169)/26)/(3/(-6)). Suppose 65329 = b*p - 2*p. Is p prime?
True
Is 6550901/14 + (45/(-6) - -7) composite?
True
Suppose 233*o = 239*o + 66. Let c(l) = -474*l - 247. Is c(o) a composite number?
False
Suppose 27*l - 19*l = 0. Is 4917 - -21 - (l - -2 - 3) a prime number?
False
Suppose 4*q = -4*u - q + 22628, 5*u + 2*q = 28285. Suppose 0 = 3*c - 4*s - u, -5*s - 2676 + 805 = -c. Is c prime?
False
Let x = 24024 + -8065. Is x a prime number?
True
Let l(m) = 24*m**2 + 15*m + 128. Is l(31) composite?
True
Let q = 324254 - 208751. Is q a prime number?
False
Let r = 411636 + -170349. Is r prime?
False
Let z(b) = 1477*b - 392. Is z(15) composite?
True
Suppose 83*w = -275*w + 5799242. Is w prime?
False
Suppose 0 = 5*b - 2*k - 171049, 68407 = 2*b + 17*k - 22*k. Is b a composite number?
False
Suppose 0 = -2*y - 55*y - 2*y + 14265079. Is y composite?
False
Is ((-14738)/(-5))/(214/21935) composite?
True
Let d(p) = p + 373 - 189 - 184. Let l be d(2). Suppose 5*j = y + 12185, 0*j + l*y = j - 2437. Is j a composite number?
False
Let p = 458264 + 16503. Is p a prime number?
False
Suppose 3*i - 4 - 83 = 0. Let x(z) = 3*z + 58*z**2 - i + 47 - 23. Is x(-4) composite?
False
Let b be (-3 - 24285/(-25))*40/(-6). Let y = -1195 - b. Is y composite?
False
Suppose -4*q = 2*v + 1398, 9*